{"id":16,"date":"2024-07-08T10:41:17","date_gmt":"2024-07-08T08:41:17","guid":{"rendered":"https:\/\/www.sapsolutions.fr\/?page_id=16"},"modified":"2024-07-17T18:12:43","modified_gmt":"2024-07-17T16:12:43","slug":"consultant-formateur","status":"publish","type":"page","link":"https:\/\/www.sapsolutions.fr\/index.php\/consultant-formateur\/","title":{"rendered":"Consultant formateur"},"content":{"rendered":"<div class=\"n2_clear\"><ss3-force-full-width data-overflow-x=\"body\" data-horizontal-selector=\"body\"><div class=\"n2-section-smartslider fitvidsignore  n2_clear\" data-ssid=\"5\"><div id=\"n2-ss-5-align\" class=\"n2-ss-align\"><div class=\"n2-padding\"><div id=\"n2-ss-5\" data-creator=\"Smart Slider 3\" data-responsive=\"fullwidth\" class=\"n2-ss-slider n2-ow n2-has-hover n2notransition  \">\n\n\n\n<div class=\"n2-ss-slider-wrapper-inside\">\n        <div class=\"n2-ss-slider-1 n2_ss__touch_element n2-ow\">\n            <div class=\"n2-ss-slider-2 n2-ow\">\n                                                <div class=\"n2-ss-slider-3 n2-ow\">\n\n                    <div class=\"n2-ss-slide-backgrounds n2-ow-all\"><div class=\"n2-ss-slide-background\" data-public-id=\"1\" data-mode=\"fill\"><div data-gradient=\"diagonal2\" data-color-start=\"RGBA(53,124,189,1)\" data-color-end=\"RGBA(206,211,213,1)\" style=\"background:linear-gradient(135deg, RGBA(53,124,189,1) 0%,RGBA(206,211,213,1) 100%);\" class=\"n2-ss-slide-background-color\"><\/div><\/div><div class=\"n2-ss-slide-background\" data-public-id=\"2\" data-mode=\"fill\"><div data-gradient=\"diagonal2\" data-color-start=\"RGBA(53,124,189,1)\" data-color-end=\"RGBA(206,211,213,1)\" style=\"background:linear-gradient(135deg, RGBA(53,124,189,1) 0%,RGBA(206,211,213,1) 100%);\" class=\"n2-ss-slide-background-color\"><\/div><\/div><\/div>                    <div class=\"n2-ss-slider-4 n2-ow\">\n                        <svg xmlns=\"http:\/\/www.w3.org\/2000\/svg\" viewBox=\"0 0 1200 600\" data-related-device=\"desktopPortrait\" class=\"n2-ow n2-ss-preserve-size n2-ss-preserve-size--slider n2-ss-slide-limiter\"><\/svg><div data-first=\"1\" data-slide-duration=\"0\" data-id=\"13\" data-slide-public-id=\"1\" data-title=\"Slide\" class=\"n2-ss-slide n2-ow  n2-ss-slide-13\"><div role=\"note\" class=\"n2-ss-slide--focus\" tabindex=\"-1\">Slide<\/div><div class=\"n2-ss-layers-container n2-ss-slide-limiter n2-ow\"><div class=\"n2-ss-layer n2-ow n-uc-ogZCjVGfftEG\" data-sstype=\"slide\" data-pm=\"default\"><div class=\"n2-ss-layer n2-ow n-uc-D4lEU0ZEo923\" data-pm=\"default\" data-sstype=\"content\" data-hasbackground=\"0\"><div class=\"n2-ss-section-main-content n2-ss-layer-with-background n2-ss-layer-content n2-ow n-uc-D4lEU0ZEo923-inner\"><div class=\"n2-ss-layer n2-ow n2-ss-layer--block n2-ss-has-self-align n-uc-cUQERVgq7BIc\" data-pm=\"normal\" data-sstype=\"row\"><div class=\"n2-ss-layer-row n2-ss-layer-with-background n-uc-cUQERVgq7BIc-inner\"><div class=\"n2-ss-layer-row-inner \"><div class=\"n2-ss-layer n2-ow n-uc-tqIGfJkFEaZ5\" data-pm=\"default\" data-sstype=\"col\"><div class=\"n2-ss-layer-col n2-ss-layer-with-background n2-ss-layer-content n-uc-tqIGfJkFEaZ5-inner\"><div class=\"n2-ss-layer n2-ow n-uc-9xo5sn9ZEgtt\" data-pm=\"normal\" data-sstype=\"layer\"><\/div><div class=\"n2-ss-layer n2-ow n-uc-vZ1y5HDxUoVl\" data-pm=\"normal\" data-sstype=\"layer\"><div class=\" n2-ss-item-image-content n2-ss-item-content n2-ow-all\"><img loading=\"lazy\" decoding=\"async\" id=\"n2-ss-5item2\" alt=\"\" class=\"skip-lazy\" style=\"width:70px;height:auto\" width=\"2621\" height=\"1128\" data-skip-lazy=\"1\" src=\"\/\/www.sapsolutions.fr\/wp-content\/uploads\/2024\/07\/Logo_Tereos_2016.png\" \/><\/div><\/div><\/div><\/div><div class=\"n2-ss-layer n2-ow n-uc-vyBnmsP2Rkjd\" data-pm=\"default\" data-sstype=\"col\"><div class=\"n2-ss-layer-col n2-ss-layer-with-background n2-ss-layer-content n-uc-vyBnmsP2Rkjd-inner\"><div class=\"n2-ss-layer n2-ow n-uc-NTxklwF2qJZQ\" data-pm=\"normal\" data-sstype=\"layer\"><div class=\"n2-ss-item-content n2-ss-text n2-ow-all\"><div class=\"\"><p class=\"n2-font-207c3f7b679bbd7c724b00c47a7fdb39-paragraph   \">Tereos, Lille<br \/>\nAgro-alimentaire<br \/>\nJuin 2012 et Septembre 2012<br \/>\nFormateur query<\/p>\n<\/div><\/div><\/div><\/div><\/div><div class=\"n2-ss-layer n2-ow n-uc-pjo9GGjD3pMj\" data-pm=\"default\" data-sstype=\"col\"><div class=\"n2-ss-layer-col n2-ss-layer-with-background n2-ss-layer-content n-uc-pjo9GGjD3pMj-inner\"><div class=\"n2-ss-layer n2-ow n-uc-qlXpXj2Dm9bp\" data-pm=\"normal\" data-sstype=\"layer\"><div class=\"n2-ss-item-content n2-ss-text n2-ow-all\"><div class=\"\"><p class=\"n2-font-207c3f7b679bbd7c724b00c47a7fdb39-paragraph   \">Formation de 15 utilisateurs aux outils de cr\u00e9ation de queries. Introduction \u00e0 la programmation abap.<br \/>\nR\u00e9daction du support de cours et animation du cours (2 jours)<br \/>\nFormation de 2 utilisateurs \u00ab avanc\u00e9s \u00bb \u00e0 la gestion des info-sets (0,5 jour)<\/p>\n<\/div><\/div><\/div><\/div><\/div><\/div><\/div><\/div><div class=\"n2-ss-layer n2-ow n2-ss-layer--block n2-ss-has-self-align n-uc-vSa5XfShB0T1\" data-pm=\"normal\" data-sstype=\"row\"><div class=\"n2-ss-layer-row n2-ss-layer-with-background n-uc-vSa5XfShB0T1-inner\"><div class=\"n2-ss-layer-row-inner \"><div class=\"n2-ss-layer n2-ow n-uc-5d9PpoOnM2S8\" data-pm=\"default\" data-sstype=\"col\"><div class=\"n2-ss-layer-col n2-ss-layer-with-background n2-ss-layer-content n-uc-5d9PpoOnM2S8-inner\"><div class=\"n2-ss-layer n2-ow n-uc-w2ix9sMnQLLm\" data-pm=\"normal\" data-sstype=\"layer\"><div class=\" n2-ss-item-image-content n2-ss-item-content n2-ow-all\"><img loading=\"lazy\" decoding=\"async\" id=\"n2-ss-5item5\" alt=\"\" class=\"skip-lazy\" style=\"width:70px;height:auto\" width=\"620\" height=\"541\" data-skip-lazy=\"1\" src=\"\/\/www.sapsolutions.fr\/wp-content\/uploads\/2024\/07\/logoprintemps.jpg\" \/><\/div><\/div><\/div><\/div><div class=\"n2-ss-layer n2-ow n-uc-bxEsF7ZJKJyn\" data-pm=\"default\" data-sstype=\"col\"><div class=\"n2-ss-layer-col n2-ss-layer-with-background n2-ss-layer-content n-uc-bxEsF7ZJKJyn-inner\"><div class=\"n2-ss-layer n2-ow n-uc-dX2q7zrJZWSj\" data-pm=\"normal\" data-sstype=\"layer\"><div class=\"n2-ss-item-content n2-ss-text n2-ow-all\"><div class=\"\"><p class=\"n2-font-207c3f7b679bbd7c724b00c47a7fdb39-paragraph   \">France Printemps, Paris<br \/>\nDistribution de luxe<br \/>\nD\u00e9cembre 2009 \u00e0 Avril 2010<br \/>\nFormateur MAP \/ SAP, ECC 6.0 Retail Fashion<\/p>\n<\/div><\/div><\/div><\/div><\/div><div class=\"n2-ss-layer n2-ow n-uc-5rKO7fDjjly5\" data-pm=\"default\" data-sstype=\"col\"><div class=\"n2-ss-layer-col n2-ss-layer-with-background n2-ss-layer-content n-uc-5rKO7fDjjly5-inner\"><div class=\"n2-ss-layer n2-ow n-uc-tM244kFnUk8j\" data-pm=\"normal\" data-sstype=\"layer\"><div class=\"n2-ss-item-content n2-ss-text n2-ow-all\"><div class=\"\"><p class=\"n2-font-207c3f7b679bbd7c724b00c47a7fdb39-paragraph   \">Formation des utilisateurs aux outils MAP et SAP.<br \/>\nP\u00e9rim\u00e8tre : plan strat\u00e9gique, budget marchandise, droit d\u2019achat OTB, OAPC, flux SAP d\u2019approvisionnement<\/p>\n<\/div><\/div><\/div><\/div><\/div><\/div><\/div><\/div><div class=\"n2-ss-layer n2-ow n2-ss-layer--block n2-ss-has-self-align n-uc-NT6LLtH1PYNK\" data-pm=\"normal\" data-sstype=\"row\"><div class=\"n2-ss-layer-row n2-ss-layer-with-background n-uc-NT6LLtH1PYNK-inner\"><div class=\"n2-ss-layer-row-inner \"><div class=\"n2-ss-layer n2-ow n-uc-Gz0VAkQDKYRu\" data-pm=\"default\" data-sstype=\"col\"><div class=\"n2-ss-layer-col n2-ss-layer-with-background n2-ss-layer-content n-uc-Gz0VAkQDKYRu-inner\"><div class=\"n2-ss-layer n2-ow n-uc-i7Cv6BHYZE7r\" data-pm=\"normal\" data-sstype=\"layer\"><div class=\" n2-ss-item-image-content n2-ss-item-content n2-ow-all\"><img loading=\"lazy\" decoding=\"async\" id=\"n2-ss-5item8\" alt=\"\" class=\"skip-lazy\" style=\"width:70px;height:auto\" width=\"597\" height=\"134\" data-skip-lazy=\"1\" src=\"\/\/www.sapsolutions.fr\/wp-content\/uploads\/2024\/07\/logogoodyear.jpg\" \/><\/div><\/div><\/div><\/div><div class=\"n2-ss-layer n2-ow n-uc-lWzRtyexnU32\" data-pm=\"default\" data-sstype=\"col\"><div class=\"n2-ss-layer-col n2-ss-layer-with-background n2-ss-layer-content n-uc-lWzRtyexnU32-inner\"><div class=\"n2-ss-layer n2-ow n-uc-FmBwfR6cLKsF\" data-pm=\"normal\" data-sstype=\"layer\"><div class=\"n2-ss-item-content n2-ss-text n2-ow-all\"><div class=\"\"><p class=\"n2-font-207c3f7b679bbd7c724b00c47a7fdb39-paragraph   \">GoodYear, Paris<br \/>\nManufacture pneumatiques<br \/>\nNovembre 2009<br \/>\nFormateur Query<\/p>\n<\/div><\/div><\/div><\/div><\/div><div class=\"n2-ss-layer n2-ow n-uc-WRFnIzVrvzMR\" data-pm=\"default\" data-sstype=\"col\"><div class=\"n2-ss-layer-col n2-ss-layer-with-background n2-ss-layer-content n-uc-WRFnIzVrvzMR-inner\"><div class=\"n2-ss-layer n2-ow n-uc-emjnvVmocyUZ\" data-pm=\"normal\" data-sstype=\"layer\"><div class=\"n2-ss-item-content n2-ss-text n2-ow-all\"><div class=\"\"><p class=\"n2-font-207c3f7b679bbd7c724b00c47a7fdb39-paragraph   \">Formation d\u2019un utilisateur aux outils de cr\u00e9ations de queries. Introduction \u00e0 la programmation abap.<br \/>\nR\u00e9daction du support de cours et animation du cours (2 jours)<\/p>\n<\/div><\/div><\/div><\/div><\/div><\/div><\/div><\/div><div class=\"n2-ss-layer n2-ow n2-ss-layer--block n2-ss-has-self-align n-uc-LPxpZMg9UwTr\" data-pm=\"normal\" data-sstype=\"row\"><div class=\"n2-ss-layer-row n2-ss-layer-with-background n-uc-LPxpZMg9UwTr-inner\"><div class=\"n2-ss-layer-row-inner \"><div class=\"n2-ss-layer n2-ow n-uc-27rMIgfeHFko\" data-pm=\"default\" data-sstype=\"col\"><div class=\"n2-ss-layer-col n2-ss-layer-with-background n2-ss-layer-content n-uc-27rMIgfeHFko-inner\"><div class=\"n2-ss-layer n2-ow n-uc-q2rWUcxvxark\" data-pm=\"normal\" data-sstype=\"layer\"><div class=\" n2-ss-item-image-content n2-ss-item-content n2-ow-all\"><img loading=\"lazy\" decoding=\"async\" id=\"n2-ss-5item11\" alt=\"\" class=\"skip-lazy\" style=\"width:70px;height:auto\" width=\"287\" height=\"77\" data-skip-lazy=\"1\" src=\"\/\/www.sapsolutions.fr\/wp-content\/uploads\/2024\/07\/logoorsys.png\" \/><\/div><\/div><\/div><\/div><div class=\"n2-ss-layer n2-ow n-uc-v8eUidTqz173\" data-pm=\"default\" data-sstype=\"col\"><div class=\"n2-ss-layer-col n2-ss-layer-with-background n2-ss-layer-content n-uc-v8eUidTqz173-inner\"><div class=\"n2-ss-layer n2-ow n-uc-7igSDHcrwmg3\" data-pm=\"normal\" data-sstype=\"layer\"><div class=\"n2-ss-item-content n2-ss-text n2-ow-all\"><div class=\"\"><p class=\"n2-font-207c3f7b679bbd7c724b00c47a7fdb39-paragraph   \">Orsys<br \/>\nOrganisme de formation<br \/>\nMars 2009<br \/>\nFormateur MM, ECC 5.0<\/p>\n<\/div><\/div><\/div><\/div><\/div><div class=\"n2-ss-layer n2-ow n-uc-sykqXRvnRDcZ\" data-pm=\"default\" data-sstype=\"col\"><div class=\"n2-ss-layer-col n2-ss-layer-with-background n2-ss-layer-content n-uc-sykqXRvnRDcZ-inner\"><div class=\"n2-ss-layer n2-ow n-uc-fMbApUHbkEn4\" data-pm=\"normal\" data-sstype=\"layer\"><div class=\"n2-ss-item-content n2-ss-text n2-ow-all\"><div class=\"\"><p class=\"n2-font-207c3f7b679bbd7c724b00c47a7fdb39-paragraph   \">Formation de key users \u00ab Utilisateur, gestion des achats \u00bb dans SAP<br \/>\nR\u00e9daction des supports de cours, animation de la formation. 3 jours de cours, 5 stagiaires.<\/p>\n<\/div><\/div><\/div><\/div><\/div><\/div><\/div><\/div><\/div><\/div><\/div><\/div><\/div><div data-slide-duration=\"0\" data-id=\"16\" data-slide-public-id=\"2\" data-title=\"Slide\" class=\"n2-ss-slide n2-ow  n2-ss-slide-16\"><div role=\"note\" class=\"n2-ss-slide--focus\" tabindex=\"-1\">Slide<\/div><div class=\"n2-ss-layers-container n2-ss-slide-limiter n2-ow\"><div class=\"n2-ss-layer n2-ow n-uc-8ndW9WMTE3qT\" data-sstype=\"slide\" data-pm=\"default\"><div class=\"n2-ss-layer n2-ow n-uc-G1RUizIWbpQw\" data-pm=\"default\" data-sstype=\"content\" data-hasbackground=\"0\"><div class=\"n2-ss-section-main-content n2-ss-layer-with-background n2-ss-layer-content n2-ow n-uc-G1RUizIWbpQw-inner\"><div class=\"n2-ss-layer n2-ow n2-ss-layer--block n2-ss-has-self-align n-uc-wLkAR1njpSal\" data-pm=\"normal\" data-sstype=\"row\"><div class=\"n2-ss-layer-row n2-ss-layer-with-background n-uc-wLkAR1njpSal-inner\"><div class=\"n2-ss-layer-row-inner \"><div class=\"n2-ss-layer n2-ow n-uc-dSMHmru6tPZw\" data-pm=\"default\" data-sstype=\"col\"><div class=\"n2-ss-layer-col n2-ss-layer-with-background n2-ss-layer-content n-uc-dSMHmru6tPZw-inner\"><div class=\"n2-ss-layer n2-ow n-uc-08AgZCudk1uX\" data-pm=\"normal\" data-sstype=\"layer\"><\/div><div class=\"n2-ss-layer n2-ow n-uc-zGvUbRPv6fvv\" data-pm=\"normal\" data-sstype=\"layer\"><div class=\" n2-ss-item-image-content n2-ss-item-content n2-ow-all\"><img decoding=\"async\" id=\"n2-ss-5item15\" alt=\"\" class=\"skip-lazy\" style=\"width:70px;height:auto\" loading=\"lazy\" width=\"91\" height=\"57\" data-skip-lazy=\"1\" src=\"\/\/www.sapsolutions.fr\/wp-content\/uploads\/2024\/07\/logoapta.gif\" \/><\/div><\/div><\/div><\/div><div class=\"n2-ss-layer n2-ow n-uc-yUGWXIQfpDTd\" data-pm=\"default\" data-sstype=\"col\"><div class=\"n2-ss-layer-col n2-ss-layer-with-background n2-ss-layer-content n-uc-yUGWXIQfpDTd-inner\"><div class=\"n2-ss-layer n2-ow n-uc-YSU6fFy9bY4S\" data-pm=\"normal\" data-sstype=\"layer\"><div class=\"n2-ss-item-content n2-ss-text n2-ow-all\"><div class=\"\"><p class=\"n2-font-207c3f7b679bbd7c724b00c47a7fdb39-paragraph   \">Apta, Paris<br \/>\nOrganisme de formation<br \/>\nFormateur MM et ABAP, ECC 6.0<\/p>\n<\/div><\/div><\/div><\/div><\/div><div class=\"n2-ss-layer n2-ow n-uc-OWnkeS6sYeT4\" data-pm=\"default\" data-sstype=\"col\"><div class=\"n2-ss-layer-col n2-ss-layer-with-background n2-ss-layer-content n-uc-OWnkeS6sYeT4-inner\"><div class=\"n2-ss-layer n2-ow n-uc-bo2UIPYGNFEr\" data-pm=\"normal\" data-sstype=\"layer\"><div class=\"n2-ss-item-content n2-ss-text n2-ow-all\"><div class=\"\"><p class=\"n2-font-207c3f7b679bbd7c724b00c47a7fdb39-paragraph   \">&#8211; Janvier et F\u00e9vrier 2009: Formation de consultants fonctionnels au module MM<br \/>\n11 jours de cours, 6 jours de TP, 5 consultants.<\/p>\n<p class=\"n2-font-207c3f7b679bbd7c724b00c47a7fdb39-paragraph   \">&#8211; Avril 2008: Formation de consultants fonctionnels Accenture ATS au module MM<br \/>\n13 jours de cours, 11 jours de TP, 13 consultants.<\/p>\n<p class=\"n2-font-207c3f7b679bbd7c724b00c47a7fdb39-paragraph   \">&#8211; Novembre 2007 \u00e0 Janvier 2008: Formation de consultants fonctionnels FI\/CO, MM\/SD \u00e0 l&rsquo;ABAP et aux outils techniques.<br \/>\n3 sessions avec, par session : 3 jours de cours, 1 jour de TP et 15 consultants par session.<\/p>\n<\/div><\/div><\/div><\/div><\/div><\/div><\/div><\/div><\/div><\/div><\/div><\/div><\/div>                    <\/div>\n\n                                    <\/div>\n            <\/div>\n        <\/div>\n        <div class=\"n2-ss-slider-controls n2-ss-slider-controls-absolute-left-center\"><div style=\"--widget-offset:15px;\" class=\"n2-ss-widget nextend-arrow n2-ow-all nextend-arrow-previous  nextend-arrow-animated-fade\" data-hide-mobileportrait=\"1\" id=\"n2-ss-5-arrow-previous\" role=\"button\" aria-label=\"previous arrow\" tabindex=\"0\"><img loading=\"lazy\" decoding=\"async\" width=\"32\" height=\"32\" class=\"skip-lazy\" data-skip-lazy=\"1\" src=\"data:image\/svg+xml;base64,PHN2ZyB3aWR0aD0iMzIiIGhlaWdodD0iMzIiIHZpZXdCb3g9IjAgMCAzMiAzMiIgeG1sbnM9Imh0dHA6Ly93d3cudzMub3JnLzIwMDAvc3ZnIj4KICAgIDxwYXRoIGQ9Ik0xMS40MzMgMTUuOTkyTDIyLjY5IDUuNzEyYy4zOTMtLjM5LjM5My0xLjAzIDAtMS40Mi0uMzkzLS4zOS0xLjAzLS4zOS0xLjQyMyAwbC0xMS45OCAxMC45NGMtLjIxLjIxLS4zLjQ5LS4yODUuNzYtLjAxNS4yOC4wNzUuNTYuMjg0Ljc3bDExLjk4IDEwLjk0Yy4zOTMuMzkgMS4wMy4zOSAxLjQyNCAwIC4zOTMtLjQuMzkzLTEuMDMgMC0xLjQybC0xMS4yNTctMTAuMjkiCiAgICAgICAgICBmaWxsPSIjZmZmZmZmIiBvcGFjaXR5PSIwLjgiIGZpbGwtcnVsZT0iZXZlbm9kZCIvPgo8L3N2Zz4=\" alt=\"previous arrow\"><\/div><\/div><div class=\"n2-ss-slider-controls n2-ss-slider-controls-absolute-right-center\"><div style=\"--widget-offset:15px;\" class=\"n2-ss-widget nextend-arrow n2-ow-all nextend-arrow-next  nextend-arrow-animated-fade\" data-hide-mobileportrait=\"1\" id=\"n2-ss-5-arrow-next\" role=\"button\" aria-label=\"next arrow\" tabindex=\"0\"><img loading=\"lazy\" decoding=\"async\" width=\"32\" height=\"32\" class=\"skip-lazy\" data-skip-lazy=\"1\" src=\"data:image\/svg+xml;base64,PHN2ZyB3aWR0aD0iMzIiIGhlaWdodD0iMzIiIHZpZXdCb3g9IjAgMCAzMiAzMiIgeG1sbnM9Imh0dHA6Ly93d3cudzMub3JnLzIwMDAvc3ZnIj4KICAgIDxwYXRoIGQ9Ik0xMC43MjIgNC4yOTNjLS4zOTQtLjM5LTEuMDMyLS4zOS0xLjQyNyAwLS4zOTMuMzktLjM5MyAxLjAzIDAgMS40MmwxMS4yODMgMTAuMjgtMTEuMjgzIDEwLjI5Yy0uMzkzLjM5LS4zOTMgMS4wMiAwIDEuNDIuMzk1LjM5IDEuMDMzLjM5IDEuNDI3IDBsMTIuMDA3LTEwLjk0Yy4yMS0uMjEuMy0uNDkuMjg0LS43Ny4wMTQtLjI3LS4wNzYtLjU1LS4yODYtLjc2TDEwLjcyIDQuMjkzeiIKICAgICAgICAgIGZpbGw9IiNmZmZmZmYiIG9wYWNpdHk9IjAuOCIgZmlsbC1ydWxlPSJldmVub2RkIi8+Cjwvc3ZnPg==\" alt=\"next arrow\"><\/div><\/div><div class=\"n2-ss-slider-controls n2-ss-slider-controls-absolute-center-bottom\"><div style=\"--widget-offset:10px;\" class=\"n2-ss-widget n2-ss-control-bullet n2-ow-all n2-ss-control-bullet-horizontal\"><div class=\" nextend-bullet-bar n2-bar-justify-content-center\" role=\"group\" aria-label=\"Choose slide to display.\"><div class=\"n2-bullet n2-style-7c5731d32b971634addbf0241184681a-dot \" style=\"visibility:hidden;\"><\/div><\/div><\/div><\/div><\/div><\/div><ss3-loader><\/ss3-loader><\/div><\/div><div class=\"n2_clear\"><\/div><\/div><\/ss3-force-full-width><\/div>","protected":false},"excerpt":{"rendered":"","protected":false},"author":1,"featured_media":0,"parent":0,"menu_order":0,"comment_status":"closed","ping_status":"closed","template":"","meta":{"footnotes":""},"class_list":["post-16","page","type-page","status-publish","hentry","post"],"_links":{"self":[{"href":"https:\/\/www.sapsolutions.fr\/index.php\/wp-json\/wp\/v2\/pages\/16","targetHints":{"allow":["GET"]}}],"collection":[{"href":"https:\/\/www.sapsolutions.fr\/index.php\/wp-json\/wp\/v2\/pages"}],"about":[{"href":"https:\/\/www.sapsolutions.fr\/index.php\/wp-json\/wp\/v2\/types\/page"}],"author":[{"embeddable":true,"href":"https:\/\/www.sapsolutions.fr\/index.php\/wp-json\/wp\/v2\/users\/1"}],"replies":[{"embeddable":true,"href":"https:\/\/www.sapsolutions.fr\/index.php\/wp-json\/wp\/v2\/comments?post=16"}],"version-history":[{"count":3,"href":"https:\/\/www.sapsolutions.fr\/index.php\/wp-json\/wp\/v2\/pages\/16\/revisions"}],"predecessor-version":[{"id":109,"href":"https:\/\/www.sapsolutions.fr\/index.php\/wp-json\/wp\/v2\/pages\/16\/revisions\/109"}],"wp:attachment":[{"href":"https:\/\/www.sapsolutions.fr\/index.php\/wp-json\/wp\/v2\/media?parent=16"}],"curies":[{"name":"wp","href":"https:\/\/api.w.org\/{rel}","templated":true}]}}